 Suppose l*y = y + 111. Is y a composite number?
False
Let n(q) = 2*q**3 - 2*q**2 - q + 2. Let g be n(2). Let k = -8 + 3. Let v = g + k. Is v a composite number?
False
Let s(o) = 553*o + 1. Let r be s(-1). Is 1/(3/r*-4) a prime number?
False
Is -1*(-321 - (-3 + -1)) a composite number?
False
Suppose 6*s - o = 2*s + 14, 0 = 2*s - 5*o + 2. Suppose -6 + 214 = s*w. Suppose -4*x + w = -b, -b = -0*b - 4. Is x a prime number?
False
Let f(i) = 2*i - 2. Let n be f(3). Let t = 8 - n. Suppose 0*k - 188 = -t*k. Is k composite?
False
Let m = -738 + 1781. Is m composite?
True
Let g = -8 + 12. Suppose g*k + 0*k - 556 = 0. Is k composite?
False
Is (-19281)/(-45)*3 + (-6)/15 prime?
False
Let y(v) = v**3 + v**2 + v + 113. Is y(0) prime?
True
Suppose -546 - 163 = -l. Is l a prime number?
True
Let u be -26*((-9)/(-6) - 2). Let w = -19 + u. Is -7*2*39/w a prime number?
False
Suppose 31 = 3*j - 2. Is -1*14*j/(-2) composite?
True
Let v be 2*-4*(-20)/32. Suppose 4*s + 278 = 2*i, 420 = v*i - 4*s - 251. Is i prime?
True
Suppose -2*i = 4*c - i - 678, -2*i - 344 = -2*c. Suppose 3*v = -29 + c. Is v composite?
False
Suppose -3*v = -0 - 6, 0 = 2*t - 3*v - 598. Suppose -3*c + t = 38. Let k = c + -45. Is k a prime number?
True
Let c = -5 + 7. Suppose -4*h + 3*h + 117 = 2*s, -c*s - 240 = -2*h. Is h prime?
False
Let v be -4 + 6 + 0/1. Suppose d = 4*j - 31, -v*d = 5*j - 0*d - 42. Suppose 0 = -2*h + 3*b - j + 253, 5*h - 3*b = 590. Is h composite?
True
Let a(c) = 18*c - 3. Is a(5) composite?
True
Suppose w + 2*f = 80, -f + 0*f + 299 = 4*w. Is w a prime number?
False
Let a(b) = 2*b**2 + 3*b. Let v be a(-2). Suppose v*u = -2*l - 2*u + 318, -2*u - 437 = -3*l. Is l a prime number?
True
Suppose t + 2 = -z, -5*z + t - 2 = 4*t. Suppose 2*q - 442 = h - z*h, 0 = -3*q + 4*h + 663. Is q a prime number?
False
Let j = 15 - 15. Suppose j = 3*i - 2*w - 451, 33 = i + 5*w - 106. Is i composite?
False
Let v(i) = -144*i**3 + i**2 - i - 1. Is v(-1) a composite number?
True
Suppose -4*u - 4*s = -344, 0 = -0*u - 2*u + 2*s + 184. Is u a composite number?
False
Suppose 2*y - 5*y + 978 = 0. Let c = -18 + 25. Suppose -y = 5*l - c*l. Is l composite?
False
Let c be 6 - 2 - (-1 - -3). Is 6/3*83/c prime?
True
Let h(s) = -s**2 + 6*s - 4. Let m be h(5). Let k be 2 - (-1)/(m/(-7)). Let i(v) = 3*v**2 - 2*v - 2. Is i(k) a composite number?
False
Suppose 1 = j - 2. Let t(z) = 48*z - 3. Let a be t(2). Suppose 0 = -j*c - 5*y + 92, -2*y - a = -2*c + y. Is c composite?
True
Let c be 3/6 - (-705)/2. Suppose 69 = -4*g + c. Is g prime?
True
Let m(i) = -i**3 + 11*i**2 + 5*i + 4. Let l(d) = d + 6. Let c be l(5). Is m(c) a prime number?
True
Suppose -d - 2190 = -4*y + d, 0 = -4*y + d + 2185. Is y composite?
True
Let x = -5 + 10. Suppose 0*c + o = -2*c + 59, 4*c - x*o - 111 = 0. Suppose -5*q = c - 214. Is q a prime number?
True
Suppose 4*l = -2*y - 14, 2*y + 0*y + 3*l + 10 = 0. Let u be (-1*y)/(1/(-5)). Is ((-50)/u)/(2/(-5)) prime?
False
Let q(h) = -h**3 + 4*h**2 - 2*h - 4. Let i be q(3). Let k = 1 - i. Suppose 6*f = k*f + 172. Is f prime?
True
Let i(h) = 237*h + 4. Let j be i(3). Suppose f + 4*f - j = 0. Suppose -5*p - 14 = -4*q + 95, -f = -5*q + 4*p. Is q a prime number?
True
Let p = -519 + 1167. Let y be 6/21 + p/(-14). Let d = 9 - y. Is d prime?
False
Let b be 9/12 + 10/8. Suppose -24 = -b*v + 134. Is v a composite number?
False
Suppose -s + 1 = -3. Suppose -5*g + 638 = f, -1 + s = f. Is g a prime number?
True
Let a(g) be the second derivative of 4*g**3/3 - 5*g**2/2 - g. Let k be a(7). Suppose -37 - k = -4*f. Is f a prime number?
False
Let t = 434 - 55. Is t composite?
False
Suppose 3*u = 2*w + 134, 4*u + 2*w - 86 = 74. Let f = 79 - u. Is f prime?
True
Let z be 3 + 1*(196 - -1). Suppose 5*t = 1155 - z. Is t composite?
False
Suppose 0 = -3*g + 5*g - 230. Is g prime?
False
Suppose -3*w = -2*f + 102, -f + 4*w + w + 37 = 0. Is f composite?
True
Suppose -3*p + 6*p - 6597 = 0. Is p prime?
False
Let w(d) = 5*d**2 - 33*d + 23. Is w(18) a prime number?
True
Let z = 54 + -19. Suppose 0 = 4*p - 69 - z. Is p a prime number?
False
Suppose -2*q - 370 = -3*u, -q - 229 = -2*u + 17. Suppose -2*d - u = -4*d. Suppose -3*g + d = -2*y + y, -2*g = y - 44. Is g a prime number?
False
Suppose -g = -4 - 19. Is g composite?
False
Let a(t) = t**3 + 8*t**2 + t + 10. Let j be a(-8). Let k(r) = -5*r - 3*r - r**j + 2 - 5 - 2*r. Is k(-8) prime?
True
Let q(d) = -d**3 - 13*d**2 + 13*d + 9. Let t be (28/12)/((-1)/6). Is q(t) composite?
False
Let h(z) = z + 10. Let g be h(-7). Suppose -2*a + 3*a + 155 = g*w, -3*a = -4*w + 200. Is w a composite number?
False
Suppose 5*u + 788 - 250 = f, -3*u + 2267 = 4*f. Is f prime?
True
Let s(q) = 3*q**2 - 2*q - 5. Let w = 1 - -3. Is s(w) prime?
False
Suppose -q = -3*q + 784. Suppose 5*z + 7 - q = 0. Is z a prime number?
False
Suppose -2 = -0*k + k. Let t be ((-3)/k)/((-3)/(-4)). Is t*(39/2)/3 composite?
False
Suppose 3*z = g + 1282, -3*z + 5*g + 650 = -636. Is z prime?
False
Suppose -4*o - o - 20 = 0, 3*x + 3*o = 588. Suppose -w + x = 5*i - 56, 254 = w + 3*i. Is w composite?
False
Suppose -2*p = 3*p - 445. Is p a composite number?
False
Let b(s) = 3*s - 4. Let g be b(3). Suppose -4*x + 69 = g. Suppose -124 - x = -4*n. Is n a prime number?
False
Is ((-6)/(-12))/(2/2932) a composite number?
False
Let b be (-31)/(0 + 1/3). Is 1 + -3 + (4 - b) composite?
True
Let y(c) = 26*c - 7. Let h = -1 + 7. Is y(h) composite?
False
Let y(o) = 0*o - 3*o + 4*o + 293 - 2*o. Is y(0) a composite number?
False
Let x = 24 + -20. Let y(p) = -p**2 + 1. Let d(n) = 2*n**3 - 8*n**2 + 5*n. Let m(l) = d(l) - y(l). Is m(x) prime?
False
Suppose -3*d - 4*i + 1067 = 0, 4*d = 5*i + 1407 + 57. Is d a prime number?
False
Suppose l = j + 2*j + 121, 0 = -2*l + 3*j + 242. Is l a prime number?
False
Let i = 3 - 0. Let p(y) = y**3 - 7*y**2 + 7*y - 1. Let m be p(6). Suppose -f + 290 = m*l, f = -i*l - 12 + 184. Is l composite?
False
Let w = -2 + 4. Suppose -2*t - w = 18. Let u = t + 23. Is u a composite number?
False
Let x = -11 + 9. Let g(z) = -18*z**3 - 2*z**2 + 2*z + 2. Is g(x) a prime number?
False
Is -4*(1407/6)/(-7) a composite number?
True
Let h(u) = -u + 79. Suppose 5*g - 1 + 11 = 0. Let s = -2 - g. Is h(s) prime?
True
Let r(s) = 91*s**3 + 2*s**2 - 3*s + 2. Let h be r(1). Let j(n) = -n**3 + 6*n**2 + 4*n - 9. Let u be j(6). Let y = h - u. Is y a composite number?
True
Let w = -3 - -6. Suppose 3*q + 42 = -2*r, 5*r = -0*r - w*q - 87. Let x = r - -41. Is x prime?
False
Suppose x - 77 = -0*x. Is x prime?
False
Let l(y) = 360*y**2 - 8*y + 17. Is l(3) composite?
True
Let f(d) be the first derivative of d**4/3 + d**3/3 - 2*d**2 - 2*d + 3. Let b(q) be the first derivative of f(q). Is b(-3) a composite number?
True
Suppose -3*q = 15, -j - 2*q + 244 = -0*q. Is j composite?
True
Suppose 4*l = 8*l - 3324. Suppose -259 = 4*g - l. Is g prime?
False
Let g = -459 + 718. Is g a composite number?
True
Suppose -3*b = -0*b. Suppose -v - 4*v + 10 = b. Suppose v*l = q + 57, 3*l - l - 52 = 2*q. Is l a composite number?
False
Let a be (-1)/((3/1)/(-24)). Suppose -5*q - a - 7 = 5*b, 5*b + 25 = 0. Suppose 6*u - 56 = q*u. Is u composite?
True
Suppose 2*d + 75 = 7*d. Let y = d + -11. Suppose -y*b - 49 = -v, 2*v = 5*b - 29 + 118. Is v a prime number?
True
Suppose -a + 2*b + 1297 + 842 = 0, -2*b - 10 = 0. Is a composite?
False
Suppose -4 = 2*f - 2, 0 = -q + 5*f + 10. Suppose -q*m + 91 + 139 = 0. Is m a prime number?
False
Suppose f - 294 = 379. Is f prime?
True
Let k(a) = 11*a**2 - 6*a + 13. Is k(-6) prime?
False
Is ((-2008)/(-10))/((-42)/(-105)) a prime number?
False
Let y = 2427 - 1444. Is y prime?
True
Let b(x) = -173*x - 14. Is b(-5) a prime number?
False
Suppose -v = -39 - 3. Is (v/(-8))/((-6)/16) a prime number?
False
Suppose 7*j = 4*j - 30. Let v(b) = 3*b**2 + 6*b - 5. Is v(j) a prime number?
False
Let c be 2 - 4/(-6)*6. Suppose 4*f = c*f - 530. Is f a composite number?
True
Suppose -2524 = -3*i + 7*i - 4*t, i = -2*t - 616. Let w = -333 - i. Is w a prime number?
True
Suppose -j + s = -5, -2*s = -2 + 6. Let m(q) be the first derivative of q**4/4 + 5*q**3/3 - 3*q**2/2 + 2*q - 4. Is m(j) a composite number?
True
Let n = 116 - -143. Is n prime?
False
Let k = 925 + -338. Is k a composite number?
False
Is (-7724)/6*27/(-18) prime?
True
Suppose 2*o + 25 - 139 = 0. Suppose -5*s = o - 3